+ 12, -3*s - 9 = -2*y - 0*y. Is h(y) composite?
False
Let i(f) = -f**3 - 4*f**2 - 10*f. Let n be i(5). Let c = n - -664. Is c composite?
False
Let d = 127460 + 712209. Is d a composite number?
False
Let c(p) = -101*p - 10. Let h be c(-2). Is -2 - h/(-104) - 25729/(-13) composite?
False
Is 33/99*(-1 + 1507457 + 5) prime?
True
Let b(g) = -2*g**3 - 5*g**2 - g + 369539. Is b(0) a prime number?
True
Suppose 0 = -2*u + 29 - 27. Let k(n) = 577*n**2 + 234*n**2 + 4*n - 3 - 93*n**2. Is k(u) a composite number?
False
Let d(u) be the first derivative of -23*u**2/2 - 9482*u - 7. Let s(g) = 15*g + 6321. Let c(r) = -5*d(r) - 7*s(r). Is c(0) a prime number?
True
Let h(b) = 20061*b + 757. Is h(4) prime?
True
Let g(i) = -73*i**3 - 5*i**2 - 25*i - 245. Is g(-18) prime?
False
Let q(t) = -t**3 - 15*t**2 - 11*t + 47. Let a be q(-14). Is (-6 - (-5993 - -6))/(1/a) a composite number?
True
Is (-18 - (-259)/14) + 10057/2 a composite number?
True
Suppose k = -x + 19285, -874*k = -879*k - 3*x + 96437. Is k prime?
False
Let s = 3280 + -1261. Suppose s = -14*t + 15*t. Is t a prime number?
False
Let s be -1*1*-1*73. Let m(t) = -14*t + 1636. Let u be m(58). Suppose u = o + s. Is o composite?
False
Let g(p) = -15*p + 4 - 23*p + 35*p. Let n be g(4). Is (-4552)/(-24) - n/6 composite?
False
Let v be (1 - (-21)/9)*204/10. Let x(t) = v*t + 8 - 27 - 14. Is x(14) a prime number?
True
Suppose -5*p + 9192765 = -5*i, -227*p - 5*i + 9192725 = -222*p. Is p prime?
True
Let s be 9*(-198)/81*1. Suppose b - 17262 = -h, 11328 - 45867 = -2*b + 3*h. Is b/33 + 2/s*2 prime?
True
Let r(z) = -2*z**3 + 37*z**2 - 15*z - 43. Let q be r(18). Suppose q*j - 77395 = 20758. Is j a composite number?
False
Let i be (3/(-1))/((-57)/285). Suppose 0 = i*o - 11*o - 12548. Is o composite?
False
Let x be 9/1 + -2 + -4 + 6. Is ((-4816827)/(-72))/x - 3/8 composite?
False
Let v be (0 - (2 - 1))*-3937. Let j be ((-1190)/(-42))/17*1/(2/6). Suppose -3*m + 3*k + 2804 = -v, -m + j*k = -2263. Is m a composite number?
False
Is (83/581)/(1/83027) composite?
True
Is 1991948/(-42)*(14/(-4) + 4 + -2) a prime number?
False
Suppose 5*t + 1107 - 3812 = 0. Let p = -128 + t. Is p a prime number?
False
Let l be (-2)/42*-9 - 9/21. Suppose -7*o + 4*o + 15513 = l. Is o prime?
True
Let y be ((-30)/165 + (-2)/(-11))/2. Is 4/(-18) - (126022/(-18) + y) prime?
True
Let t(q) = 6*q**3 - q**2 - 11*q + 12. Let k be t(1). Suppose 1001 = k*p - 12385. Is p a prime number?
False
Let y(z) = z**3 - 4*z**2 + 10*z + 5. Suppose 138 + 70 = 26*d. Is y(d) a prime number?
False
Let w = -146924 - -207693. Is w a prime number?
False
Suppose 0 = 73*q - 1520176 - 2688931. Is q composite?
True
Let r = 33511 + 102091. Is r a prime number?
False
Let p = 91218 + -49669. Is p a prime number?
True
Suppose 29 = 10*h + 29. Suppose s = -4*i + 5*s + 79768, 5*i - s - 99698 = h. Is i a prime number?
False
Suppose -36947957 = -49*f - 276*f + 56*f. Is f a composite number?
False
Let s = 8 - 5. Let w(f) = 1038*f**2 - 5*f + 9. Let z be w(1). Suppose s*i = i + z. Is i prime?
True
Let d = 596 - -2311. Suppose -11*s + 1 + 32 = 0. Suppose -4*z - z - 5*f = -4825, 0 = -s*z + 3*f + d. Is z a composite number?
False
Let y = -15 + 27. Let u be -2*3/y*-2. Is 4/12*u*537 composite?
False
Suppose 2*j + 50 = -b + 207, -2*b + 5*j + 359 = 0. Suppose -4*f + 342 = -2*f + 4*d, -3*d + b = f. Is f a prime number?
True
Suppose 97*o - 99*o + 16 = 0. Suppose o*g = 16*g - 4424. Is g a prime number?
False
Let o = 1003 - 413. Suppose -3968 = -6*l - o. Is l composite?
False
Let t(p) = 262*p**2 - 14*p + 395. Is t(13) prime?
True
Let w(a) = a**2 - 6*a + 14. Let u be w(4). Suppose u*b = -0*b + 4686. Suppose 30*v = 31*v - b. Is v a composite number?
True
Let c(u) = -146*u**2 + 7*u + 19. Let f be c(-6). Let s = f - -7416. Is s a composite number?
False
Let w(b) = 612*b**2 + 158*b - 1299. Is w(8) a composite number?
False
Suppose 558930 = 9*z - 2205420. Suppose -4*a - 6*a = -z. Is a composite?
True
Let i(a) = a**3 - 8*a**2 + 15*a + 26. Let v be i(7). Let y = 273 - v. Is y composite?
False
Suppose 12087062 = 31*k + 1441569. Is k a composite number?
True
Let q(x) = -3*x + 30. Let o be q(9). Suppose 0 = -3*n + 5*h + 9, o*h - 3 = -n + h. Suppose 7*s + 2*j = 2*s + 15997, -4*j = -n*s + 9593. Is s a composite number?
True
Is (-215522164)/1716*3/(-1) a prime number?
True
Let q = 413533 + -116870. Is q a composite number?
False
Let n(s) = 5*s - 5*s - s - s + 174*s**2 - 19. Is n(-4) a prime number?
False
Suppose -7*w = -357327 + 85090. Is w a prime number?
True
Let y(u) = 2*u**3 - 36*u**2 - 56*u - 31. Is y(27) prime?
True
Suppose -189*m = -186*m - 3, 4*q - 313445 = -m. Is q a composite number?
True
Suppose -7*j + 78 = 19*j. Suppose -5*k + 10184 = o, -5*o + j*k = -1981 - 48855. Is o prime?
True
Let c(a) = -15887*a**2 + a - 2. Let t(z) = 5296*z**2 + 1. Let h(k) = 2*c(k) + 7*t(k). Is h(-1) prime?
False
Suppose 1755 = 5*j - 2*n, -254 = -4*j - 2*n + 1132. Suppose 4*r - j = -3*f - r, -4*f + 473 = -r. Is f prime?
False
Let n(i) = 128*i**2 - 33*i + 41. Let g be 12*(-5)/(-60)*8. Is n(g) a prime number?
False
Let k(p) = p**2 - 14*p + 8. Let n be k(7). Let v = -29 - n. Is (v/8)/((-6)/(-5164)) a prime number?
True
Suppose 12*h - 117 = 27. Suppose 27*p = 21*p + h. Suppose -g + 5*s = -2305 - 4478, -2*g = p*s - 13614. Is g composite?
False
Let r(d) = d**3 - d**3 - 9*d - d**3 + 3*d**3 + 21 - 33*d**2. Suppose -70 = -5*a + 3*x, -3*x = 26*a - 25*a - 32. Is r(a) a prime number?
True
Let l(a) = a**2 - 25*a + 139. Let i be l(17). Suppose i*p - 3*g = 43101, 4*p - 13888 - 43596 = -4*g. Is p a prime number?
True
Let i = -15916 + 37535. Is i prime?
False
Suppose 0 = -2*f - 15982 + 54628. Suppose -6*d = -65409 + f. Is d a prime number?
True
Let k = 11429 + 1208. Is k a prime number?
True
Let x(i) = -241*i - 93. Let t(s) = -483*s - 186. Let u(j) = 3*t(j) - 5*x(j). Is u(-31) prime?
False
Let w be (((-16)/(-4))/(0 + -2))/(-1). Let r(l) = -30 + 36 - 3*l**3 - 4*l + 2*l - 6*l**w - 2*l. Is r(-7) composite?
False
Suppose 3*g - 5*n + 8*n + 140325 = 0, 4*g - n = -187105. Let h = g + 67835. Is h composite?
False
Suppose 1202097 + 607253 = 2*d + 48*d. Is d a composite number?
False
Is (8538857/(-155))/((-3 + -1)/20) a prime number?
True
Suppose -13*w + 19*w - 211659 = -w. Is w a prime number?
False
Let c(r) = -4*r**2 + 16*r - 10. Let s(z) = 11*z**2 - 48*z + 31. Let u(y) = -8*c(y) - 3*s(y). Let h(i) = 8*i - 2. Let k be h(2). Is u(k) composite?
True
Let t be (-2)/14 - (-31220)/49. Suppose 369 = -3*p + 81. Let h = t + p. Is h a composite number?
False
Is (-3 + 1)*(-93683)/(-3)*(-6)/4 a prime number?
True
Let a(s) = 1710*s - 2903. Is a(36) a prime number?
True
Is (8215831/(-52))/(12/(-48)) a prime number?
True
Is 5235*1600/48 + -13 composite?
False
Let d(l) = 47 - 24 - 5*l - 254 - 13*l - 11*l. Is d(-10) prime?
True
Let t(p) = -9*p**2 - 159*p + 29 - 4*p**2 + 138*p + 2*p**3. Is t(18) prime?
True
Let n be 4/(32/1944) + 7. Let h = 206 - 657. Let a = n - h. Is a composite?
False
Suppose t - 4*t = -4*f - 7, -15 = -5*f - t. Suppose f*g = o + 1283, -2*o = -2*g + 1306 + 1270. Let w = 1834 + o. Is w prime?
True
Suppose -16*o = -21*o + 36165. Suppose 2*y + u = 6*y - o, 9 = 3*u. Let d = -1048 + y. Is d a prime number?
True
Let n(b) = -b**2 + b + 2. Let k be (8 + -2)/2 - (-8)/(-2). Let c be n(k). Suppose c*x + 2*x = 5*r - 3165, -1266 = -2*r - 3*x. Is r a prime number?
False
Let a = 12435 + -17425. Let q = 12255 + a. Is q a composite number?
True
Let k = 479561 + -304012. Is k a composite number?
True
Let q = -487246 + 770643. Is q a composite number?
False
Is ((-1674941)/2)/(11*(-28)/616) composite?
False
Let b = 549397 - 276080. Is b prime?
False
Let d be 3*(10/(-4))/((-48)/32). Suppose 2*r + d*z - 24597 = 0, 12336 = r - 4*z - z. Is r a composite number?
True
Let i = -30440 - -193083. Suppose -d - i = -14*d. Is d a composite number?
False
Suppose 0 = m + 2, m + 18 = 4*b - 2*m. Let a be (3 - (-156)/(-8))*(-934)/b. Suppose 0 = 22*z - 11*z - a. Is z a composite number?
False
Suppose 0 = -6*w + 10*w - 252. Suppose z - w - 20 = 0. Let p = z - 14. Is p prime?
False
Suppose 4*r - 16 = -2*l - 0*l, -5*l + 20 = 5*r. Let o(p) = 26*p**2 - 10*p - 5. Is o(r) prime?
False
Let v(h) = 60671*h**2 - 27*h + 71. Is v(2) a composite number?
True
Suppose 5*t + 5*n - 424385 = 0, -35*t = -39*t 